{"id":1279,"date":"2020-11-02T04:53:54","date_gmt":"2020-11-02T04:53:54","guid":{"rendered":"https:\/\/beaconmedia.com.au\/beaconmedia\/?page_id=1279"},"modified":"2020-11-02T05:07:53","modified_gmt":"2020-11-02T05:07:53","slug":"francais","status":"publish","type":"page","link":"https:\/\/beaconmedia.com.au\/beaconmedia\/other-languages\/francais\/","title":{"rendered":"Francais"},"content":{"rendered":"\n<p><strong>Histoires de la Bible pour les lecteurs debutants<\/strong><\/p>\n\n\n\n<p><strong>Pour la lecture 5-6 ans<\/strong><\/p>\n\n\n\n<p><a href=\"https:\/\/beaconmedia.com.au\/bm\/images\/docs\/Who%20does%20Jesus%20love%20fr.pdf\">J\u00e9sus, qui aime t-il?<\/a><\/p>\n\n\n\n<p><a href=\"https:\/\/beaconmedia.com.au\/bm\/images\/docs\/Baby%20Jesus%20is%20born%20French.pdf\">B\u00e9b\u00e9 J\u00e9sus est n\u00e9<\/a><\/p>\n\n\n\n<p><a href=\"https:\/\/beaconmedia.com.au\/bm\/images\/docs\/The%20shepherds%20French.pdf\">Les bergers<\/a><\/p>\n\n\n\n<p><a href=\"https:\/\/beaconmedia.com.au\/bm\/images\/docs\/Follow%20that%20star%20French.pdf\">Suivez cette \u00e9toile<\/a><\/p>\n\n\n\n<p><a href=\"https:\/\/beaconmedia.com.au\/bm\/images\/docs\/Lost%20sheep%20French.pdf\">Le mouton perdu<\/a><\/p>\n\n\n\n<p><a href=\"https:\/\/beaconmedia.com.au\/bm\/images\/docs\/Lost%20coin%20French.pdf\">La pi\u00e8ce perdue<\/a><\/p>\n\n\n\n<p><a href=\"https:\/\/beaconmedia.com.au\/bm\/images\/docs\/What%20did%20God%20make%20French.pdf\">Que Dieu a-t-il fait?<\/a><\/p>\n\n\n\n<p><a href=\"https:\/\/beaconmedia.com.au\/bm\/images\/docs\/Noah%20French.pdf\">Noah a fait un grand bateau<\/a><\/p>\n\n\n\n<p><a href=\"https:\/\/beaconmedia.com.au\/bm\/images\/docs\/Who%20will%20help%20French.pdf\">Qui aidera?<\/a><\/p>\n\n\n\n<p><a href=\"https:\/\/beaconmedia.com.au\/bm\/images\/docs\/Hide%20the%20baby%20French.pdf\">Cachez le b\u00e9b\u00e9<\/a><\/p>\n\n\n\n<p><a href=\"https:\/\/beaconmedia.com.au\/bm\/images\/docs\/The%20shepherd%20boy%20French.pdf\">Le jeune berger<\/a><\/p>\n\n\n\n<p><a href=\"https:\/\/beaconmedia.com.au\/bm\/images\/docs\/Daniel%20French.pdf\">Daniel<\/a><\/p>\n\n\n\n<p><a href=\"https:\/\/beaconmedia.com.au\/bm\/images\/docs\/A%20sick%20man%20French.pdf\">Un homme malade<\/a><\/p>\n","protected":false},"excerpt":{"rendered":"<p>Histoires de la Bible pour les lecteurs debutants Pour la lecture 5-6 ans J\u00e9sus, qui aime t-il? B\u00e9b\u00e9 J\u00e9sus est n\u00e9 Les bergers Suivez cette \u00e9toile Le mouton perdu La pi\u00e8ce perdue Que Dieu a-t-il fait? Noah a fait un<\/p>\n","protected":false},"author":1,"featured_media":0,"parent":1094,"menu_order":0,"comment_status":"closed","ping_status":"closed","template":"","meta":{"nf_dc_page":"","footnotes":""},"class_list":["post-1279","page","type-page","status-publish","hentry"],"_links":{"self":[{"href":"https:\/\/beaconmedia.com.au\/beaconmedia\/wp-json\/wp\/v2\/pages\/1279","targetHints":{"allow":["GET"]}}],"collection":[{"href":"https:\/\/beaconmedia.com.au\/beaconmedia\/wp-json\/wp\/v2\/pages"}],"about":[{"href":"https:\/\/beaconmedia.com.au\/beaconmedia\/wp-json\/wp\/v2\/types\/page"}],"author":[{"embeddable":true,"href":"https:\/\/beaconmedia.com.au\/beaconmedia\/wp-json\/wp\/v2\/users\/1"}],"replies":[{"embeddable":true,"href":"https:\/\/beaconmedia.com.au\/beaconmedia\/wp-json\/wp\/v2\/comments?post=1279"}],"version-history":[{"count":1,"href":"https:\/\/beaconmedia.com.au\/beaconmedia\/wp-json\/wp\/v2\/pages\/1279\/revisions"}],"predecessor-version":[{"id":1280,"href":"https:\/\/beaconmedia.com.au\/beaconmedia\/wp-json\/wp\/v2\/pages\/1279\/revisions\/1280"}],"up":[{"embeddable":true,"href":"https:\/\/beaconmedia.com.au\/beaconmedia\/wp-json\/wp\/v2\/pages\/1094"}],"wp:attachment":[{"href":"https:\/\/beaconmedia.com.au\/beaconmedia\/wp-json\/wp\/v2\/media?parent=1279"}],"curies":[{"name":"wp","href":"https:\/\/api.w.org\/{rel}","templated":true}]}}