{"id":461,"date":"2009-07-27T15:12:09","date_gmt":"2009-07-27T15:12:09","guid":{"rendered":"https:\/\/beaconmedia.com.au\/beaconmedia\/deutsch\/"},"modified":"2020-11-14T23:58:01","modified_gmt":"2020-11-14T23:58:01","slug":"deutsch","status":"publish","type":"page","link":"https:\/\/beaconmedia.com.au\/beaconmedia\/other-languages\/deutsch\/","title":{"rendered":"Deutsch"},"content":{"rendered":"<p><P align=left><STRONG><BR><EM style=\"FONT-FAMILY: \" mce_style=\"FONT-FAMILY: \"><SPAN style=\"FONT-FAMILY: times new roman,times\" mce_style=\"font-family: times new roman,times;\"><SPAN style=\"FONT-SIZE: x-large\" mce_style=\"font-size: x-large;\"><SPAN style=\"COLOR: #3366ff\" mce_style=\"color: #3366ff;\">German<\/SPAN><\/SPAN><\/SPAN><\/EM><BR><BR>Der Charakter Gottes<BR><\/STRONG><a href=\"https:\/\/beaconmedia.com.au\/download\/german-themes.pdf\" target=\"_blank\" mce_href=\"https:\/\/beaconmedia.com.au\/download\/german-themes.pdf\" rel=\"noopener noreferrer\"><U><SPAN style=\"COLOR: #0000ff\" mce_style=\"color: #0000ff;\"><BR><STRONG>Download <\/STRONG><\/SPAN><\/U><\/a><\/P> <P align=left>Wir begr\u00fc\u00dfen Sie als Interessenten an unserem Unterrichtsmaterial f\u00fcr Kinder \u00fcber das Thema &#8220;Gottes Charakter&#8221;. Das Materiel eignet sich f\u00fcr den Unterricht in christlichen Schulen, im Kindergottesdienst und zu Hause.<\/P> <P align=left><STRONG>Alles was lebt singt (Lieder f\u00fcr Kinder)<BR><\/STRONG><STRONG><\/P> <P align=left><BR><\/STRONG> <TABLE border=1 borderColor=#000000 cellPadding=4 width=\"50%\"> <TBODY> <TR> <TD colSpan=3> <P><STRONG>Alles Was Lebt Singt <\/STRONG><\/P><\/TD><\/TR> <TR> <TD width=\"7%\">1<\/TD> <TD width=\"82%\">Alles Was Lebt Singt<\/TD> <TD width=\"11%\"><STRONG><a href=\"http:\/\/www.beaconmedia.com.au\/music\/Alles_was_Lebt_Singt\/01%20Track%201.mp3\" target=\"_blank\" mce_href=\"..\/music\/Alles_was_Lebt_Singt\/01%20Track%201.mp3\" rel=\"noopener noreferrer\"><IMG border=0 src=\"http:\/\/www.beaconmedia.com.au\/images\/download.gif\" width=20 height=20 mce_src=\"https:\/\/beaconmedia.com.au\/images\/download.gif\"><\/A><\/STRONG><\/TD><\/TR> <TR> <TD>2<\/TD> <TD>Sing Ein Fr\u00f6hlich&#8217; Lied<\/TD> <TD><STRONG><a href=\"http:\/\/www.beaconmedia.com.au\/music\/Alles_was_Lebt_Singt\/02%20Track%202.mp3\" target=\"_blank\" mce_href=\"..\/music\/Alles_was_Lebt_Singt\/02%20Track%202.mp3\" rel=\"noopener noreferrer\"><IMG border=0 src=\"http:\/\/www.beaconmedia.com.au\/images\/download.gif\" width=20 height=20 mce_src=\"https:\/\/beaconmedia.com.au\/images\/download.gif\"><\/A><\/STRONG><\/TD><\/TR> <TR> <TD>3<\/TD> <TD>Gott Liebt Dich<\/TD> <TD><STRONG><a href=\"http:\/\/www.beaconmedia.com.au\/music\/Alles_was_Lebt_Singt\/03%20Track%203.mp3\" target=\"_blank\" mce_href=\"..\/music\/Alles_was_Lebt_Singt\/03%20Track%203.mp3\" rel=\"noopener noreferrer\"><IMG border=0 src=\"http:\/\/www.beaconmedia.com.au\/images\/download.gif\" width=20 height=20 mce_src=\"https:\/\/beaconmedia.com.au\/images\/download.gif\"><\/A><\/STRONG><\/TD><\/TR> <TR> <TD>4<\/TD> <TD>Klatscht In Die H\u00e4nde<\/TD> <TD><STRONG><a href=\"http:\/\/www.beaconmedia.com.au\/music\/Alles_was_Lebt_Singt\/04%20Track%204.mp3\" target=\"_blank\" mce_href=\"..\/music\/Alles_was_Lebt_Singt\/04%20Track%204.mp3\" rel=\"noopener noreferrer\"><IMG border=0 src=\"http:\/\/www.beaconmedia.com.au\/images\/download.gif\" width=20 height=20 mce_src=\"https:\/\/beaconmedia.com.au\/images\/download.gif\"><\/A><\/STRONG><\/TD><\/TR> <TR> <TD>5<\/TD> <TD>Er Ist Weiser<\/TD> <TD><STRONG><a href=\"http:\/\/www.beaconmedia.com.au\/music\/Alles_was_Lebt_Singt\/05%20Track%205.mp3\" target=\"_blank\" mce_href=\"..\/music\/Alles_was_Lebt_Singt\/05%20Track%205.mp3\" rel=\"noopener noreferrer\"><IMG border=0 src=\"http:\/\/www.beaconmedia.com.au\/images\/download.gif\" width=20 height=20 mce_src=\"https:\/\/beaconmedia.com.au\/images\/download.gif\"><\/A><\/STRONG><\/TD><\/TR> <TR> <TD>6<\/TD> <TD>Mach Dir Keine Sorgen<\/TD> <TD><STRONG><a href=\"http:\/\/www.beaconmedia.com.au\/music\/Alles_was_Lebt_Singt\/06%20Track%206.mp3\" target=\"_blank\" mce_href=\"..\/music\/Alles_was_Lebt_Singt\/06%20Track%206.mp3\" rel=\"noopener noreferrer\"><IMG border=0 src=\"http:\/\/www.beaconmedia.com.au\/images\/download.gif\" width=20 height=20 mce_src=\"https:\/\/beaconmedia.com.au\/images\/download.gif\"><\/A><\/STRONG><\/TD><\/TR> <TR> <TD>7<\/TD> <TD>Gott Ist Gr\u00f6\u00dfer<\/TD> <TD><STRONG><a href=\"http:\/\/www.beaconmedia.com.au\/music\/Alles_was_Lebt_Singt\/07%20Track%207.mp3\" target=\"_blank\" mce_href=\"..\/music\/Alles_was_Lebt_Singt\/07%20Track%207.mp3\" rel=\"noopener noreferrer\"><IMG border=0 src=\"http:\/\/www.beaconmedia.com.au\/images\/download.gif\" width=20 height=20 mce_src=\"https:\/\/beaconmedia.com.au\/images\/download.gif\"><\/A><\/STRONG><\/TD><\/TR> <TR> <TD>8<\/TD> <TD>Der Gute Hirte<\/TD> <TD><STRONG><a href=\"http:\/\/www.beaconmedia.com.au\/music\/Alles_was_Lebt_Singt\/08%20Track%208.mp3\" target=\"_blank\" mce_href=\"..\/music\/Alles_was_Lebt_Singt\/08%20Track%208.mp3\" rel=\"noopener noreferrer\"><IMG border=0 src=\"http:\/\/www.beaconmedia.com.au\/images\/download.gif\" width=20 height=20 mce_src=\"https:\/\/beaconmedia.com.au\/images\/download.gif\"><\/A><\/STRONG><\/TD><\/TR> <TR> <TD>9<\/TD> <TD>Wei\u00df Wie Schneeflocken<\/TD> <TD><STRONG><a href=\"http:\/\/www.beaconmedia.com.au\/music\/Alles_was_Lebt_Singt\/09%20Track%209.mp3\" target=\"_blank\" mce_href=\"..\/music\/Alles_was_Lebt_Singt\/09%20Track%209.mp3\" rel=\"noopener noreferrer\"><IMG border=0 src=\"http:\/\/www.beaconmedia.com.au\/images\/download.gif\" width=20 height=20 mce_src=\"https:\/\/beaconmedia.com.au\/images\/download.gif\"><\/A><\/STRONG><\/TD><\/TR> <TR> <TD>10<\/TD> <TD>Geduldig Warten<\/TD> <TD><STRONG><a href=\"http:\/\/www.beaconmedia.com.au\/music\/Alles_was_Lebt_Singt\/10%20Track%2010.mp3\" target=\"_blank\" mce_href=\"..\/music\/Alles_was_Lebt_Singt\/10%20Track%2010.mp3\" rel=\"noopener noreferrer\"><IMG border=0 src=\"http:\/\/www.beaconmedia.com.au\/images\/download.gif\" width=20 height=20 mce_src=\"https:\/\/beaconmedia.com.au\/images\/download.gif\"><\/A><\/STRONG><\/TD><\/TR> <TR> <TD>11<\/TD> <TD>Was Kann Ich Geben<\/TD> <TD><STRONG><a href=\"http:\/\/www.beaconmedia.com.au\/music\/Alles_was_Lebt_Singt\/11%20Track%2011.mp3\" target=\"_blank\" mce_href=\"..\/music\/Alles_was_Lebt_Singt\/11%20Track%2011.mp3\" rel=\"noopener noreferrer\"><IMG border=0 src=\"http:\/\/www.beaconmedia.com.au\/images\/download.gif\" width=20 height=20 mce_src=\"https:\/\/beaconmedia.com.au\/images\/download.gif\"><\/A><\/STRONG><\/TD><\/TR> <TR> <TD>12<\/TD> <TD>Jesus, Nimm Meine H\u00e4nde<\/TD> <TD><STRONG><a href=\"http:\/\/www.beaconmedia.com.au\/music\/Alles_was_Lebt_Singt\/12%20Track%2012.mp3\" target=\"_blank\" mce_href=\"..\/music\/Alles_was_Lebt_Singt\/12%20Track%2012.mp3\" rel=\"noopener noreferrer\"><IMG border=0 src=\"http:\/\/www.beaconmedia.com.au\/images\/download.gif\" width=20 height=20 mce_src=\"https:\/\/beaconmedia.com.au\/images\/download.gif\"><\/A><\/STRONG><\/TD><\/TR> <TR> <TD>13<\/TD> <TD>Ein Diener f\u00fcr Jesus<\/TD> <TD><STRONG><a href=\"http:\/\/www.beaconmedia.com.au\/music\/Alles_was_Lebt_Singt\/13%20Track%2013.mp3\" target=\"_blank\" mce_href=\"..\/music\/Alles_was_Lebt_Singt\/13%20Track%2013.mp3\" rel=\"noopener noreferrer\"><IMG border=0 src=\"http:\/\/www.beaconmedia.com.au\/images\/download.gif\" width=20 height=20 mce_src=\"https:\/\/beaconmedia.com.au\/images\/download.gif\"><\/A><\/STRONG><\/TD><\/TR> <TR> <TD>14<\/TD> <TD>La\u00dft Uns Feiern<\/TD> <TD><STRONG><a href=\"http:\/\/www.beaconmedia.com.au\/music\/Alles_was_Lebt_Singt\/14%20Track%2014.mp3\" target=\"_blank\" mce_href=\"..\/music\/Alles_was_Lebt_Singt\/14%20Track%2014.mp3\" rel=\"noopener noreferrer\"><IMG border=0 src=\"http:\/\/www.beaconmedia.com.au\/images\/download.gif\" width=20 height=20 mce_src=\"https:\/\/beaconmedia.com.au\/images\/download.gif\"><\/A><\/STRONG><\/TD><\/TR> <TR> <TD>15<\/TD> <TD>Tanzlied<\/TD> <TD><STRONG><a href=\"http:\/\/www.beaconmedia.com.au\/music\/Alles_was_Lebt_Singt\/15%20Track%2015.mp3\" target=\"_blank\" mce_href=\"..\/music\/Alles_was_Lebt_Singt\/15%20Track%2015.mp3\" rel=\"noopener noreferrer\"><IMG border=0 src=\"http:\/\/www.beaconmedia.com.au\/images\/download.gif\" width=20 height=20 mce_src=\"https:\/\/beaconmedia.com.au\/images\/download.gif\"><\/A><\/STRONG><\/TD><\/TR> <TR> <TD>16<\/TD> <TD>Gott Ist Mein Friede<\/TD> <TD><STRONG><a href=\"http:\/\/www.beaconmedia.com.au\/music\/Alles_was_Lebt_Singt\/16%20Track%2016.mp3\" target=\"_blank\" mce_href=\"..\/music\/Alles_was_Lebt_Singt\/15%20Track%2016.mp3\" rel=\"noopener noreferrer\"><IMG border=0 src=\"http:\/\/www.beaconmedia.com.au\/images\/download.gif\" width=20 height=20 mce_src=\"https:\/\/beaconmedia.com.au\/images\/download.gif\"><\/a><\/STRONG><\/TD><\/TR><\/TBODY><\/TABLE><\/P> <P><STRONG><a href=\"https:\/\/beaconmedia.com.au\/bm\/images\/docs\/alles%20was%20lebt%20singt.pdf\" mce_href=\"https:\/\/beaconmedia.com.au\/bm\/images\/docs\/alles was lebt singt.pdf\">Texte<\/a><BR><\/STRONG><\/P><\/p>\n","protected":false},"excerpt":{"rendered":"<p>GermanDer Charakter GottesDownload Wir begr\u00fc\u00dfen Sie als Interessenten an unserem Unterrichtsmaterial f\u00fcr Kinder \u00fcber das Thema &#8220;Gottes Charakter&#8221;. Das Materiel eignet sich f\u00fcr den Unterricht in christlichen Schulen, im Kindergottesdienst und zu Hause. Alles was lebt singt (Lieder f\u00fcr Kinder)<\/p>\n","protected":false},"author":1,"featured_media":0,"parent":1094,"menu_order":3,"comment_status":"closed","ping_status":"closed","template":"","meta":{"nf_dc_page":"","footnotes":""},"class_list":["post-461","page","type-page","status-publish","hentry"],"_links":{"self":[{"href":"https:\/\/beaconmedia.com.au\/beaconmedia\/wp-json\/wp\/v2\/pages\/461","targetHints":{"allow":["GET"]}}],"collection":[{"href":"https:\/\/beaconmedia.com.au\/beaconmedia\/wp-json\/wp\/v2\/pages"}],"about":[{"href":"https:\/\/beaconmedia.com.au\/beaconmedia\/wp-json\/wp\/v2\/types\/page"}],"author":[{"embeddable":true,"href":"https:\/\/beaconmedia.com.au\/beaconmedia\/wp-json\/wp\/v2\/users\/1"}],"replies":[{"embeddable":true,"href":"https:\/\/beaconmedia.com.au\/beaconmedia\/wp-json\/wp\/v2\/comments?post=461"}],"version-history":[{"count":5,"href":"https:\/\/beaconmedia.com.au\/beaconmedia\/wp-json\/wp\/v2\/pages\/461\/revisions"}],"predecessor-version":[{"id":1652,"href":"https:\/\/beaconmedia.com.au\/beaconmedia\/wp-json\/wp\/v2\/pages\/461\/revisions\/1652"}],"up":[{"embeddable":true,"href":"https:\/\/beaconmedia.com.au\/beaconmedia\/wp-json\/wp\/v2\/pages\/1094"}],"wp:attachment":[{"href":"https:\/\/beaconmedia.com.au\/beaconmedia\/wp-json\/wp\/v2\/media?parent=461"}],"curies":[{"name":"wp","href":"https:\/\/api.w.org\/{rel}","templated":true}]}}